f 513518 and 1358?
194
What is the greatest common divisor of 263645757 and 4002?
2001
What is the greatest common divisor of 1280 and 2802400?
160
Calculate the greatest common divisor of 7602 and 7334301.
543
Calculate the greatest common divisor of 1283191 and 1867307.
3107
Calculate the highest common divisor of 11858 and 32214.
14
Calculate the highest common divisor of 11856 and 152232.
24
What is the highest common factor of 700967 and 1789077?
467
What is the greatest common factor of 440 and 1305095?
55
What is the highest common divisor of 48 and 165041392?
16
What is the highest common factor of 1127776 and 1456?
208
What is the greatest common divisor of 225 and 24613245?
45
What is the greatest common divisor of 2585 and 9483190?
235
Calculate the greatest common divisor of 12676 and 164.
4
What is the highest common factor of 15428 and 17178?
14
What is the greatest common factor of 3200939 and 14?
7
Calculate the highest common factor of 25332271 and 2572.
643
Calculate the highest common divisor of 56789447 and 74930.
7493
Calculate the greatest common factor of 13727 and 35654213.
371
What is the highest common factor of 198450 and 11026530?
810
Calculate the greatest common divisor of 100088644 and 6244.
892
What is the greatest common factor of 86980305 and 285?
15
What is the greatest common divisor of 295374014 and 13?
13
Calculate the highest common factor of 1261 and 4235505.
97
What is the greatest common factor of 1648521 and 55581?
573
What is the highest common divisor of 304 and 10395565?
19
What is the highest common divisor of 82355 and 359905?
455
Calculate the greatest common divisor of 15158 and 35934.
106
Calculate the greatest common factor of 29162120 and 1560.
520
What is the highest common divisor of 19285411 and 412?
103
What is the highest common factor of 69920 and 6645896?
3496
What is the highest common divisor of 11507479 and 62?
31
Calculate the greatest common factor of 7539646 and 94.
94
Calculate the highest common factor of 9462 and 254911011.
4731
What is the highest common divisor of 578136 and 120003?
663
Calculate the greatest common divisor of 68012894 and 19.
19
What is the highest common factor of 424 and 962957?
53
Calculate the highest common factor of 649993135 and 275.
55
Calculate the greatest common divisor of 1906180 and 2467720.
3820
Calculate the greatest common divisor of 15345126 and 6399.
81
Calculate the highest common divisor of 17264 and 3836560.
208
What is the highest common divisor of 195 and 23916165?
195
What is the greatest common factor of 562303723 and 94?
47
What is the highest common divisor of 1666162449 and 14?
7
Calculate the highest common divisor of 1059500160 and 576.
576
Calculate the highest common factor of 40920668 and 1415.
283
What is the highest common divisor of 126 and 547071?
21
Calculate the highest common factor of 9842 and 204988.
14
Calculate the greatest common factor of 6 and 11106792.
6
Calculate the greatest common divisor of 137797550 and 7554.
2518
What is the highest common factor of 68726 and 160?
2
Calculate the greatest common divisor of 7029012 and 6460.
76
Calculate the greatest common factor of 9 and 4192878.
3
What is the highest common divisor of 2276 and 1012?
4
Calculate the greatest common factor of 29610 and 10817100.
630
Calculate the highest common factor of 206158588 and 988.
76
What is the highest common divisor of 114660 and 16305?
15
Calculate the highest common divisor of 6792 and 2921400.
24
What is the greatest common divisor of 24 and 3279921048?
24
Calculate the highest common factor of 45212 and 40132.
508
What is the highest common factor of 445384 and 65696?
8
What is the highest common divisor of 1763 and 619544?
43
What is the highest common divisor of 42 and 178172834?
14
Calculate the highest common factor of 196 and 30034788.
28
What is the highest common divisor of 475741 and 15476?
73
What is the highest common factor of 59701 and 198625?
227
Calculate the greatest common divisor of 9780 and 15060.
60
Calculate the greatest common divisor of 3562 and 351428701.
1781
Calculate the greatest common factor of 31149288 and 5340.
1068
Calculate the highest common factor of 233047 and 182763.
967
Calculate the highest common factor of 294810852 and 112.
28
Calculate the greatest common factor of 615862313 and 11.
11
What is the greatest common factor of 13 and 278694481?
13
Calculate the highest common factor of 14822784 and 108000.
864
What is the greatest common divisor of 1470052 and 9988?
908
What is the greatest common factor of 10640 and 207160?
40
What is the greatest common factor of 137 and 4657?
1
What is the greatest common factor of 138601865 and 1520?
95
Calculate the highest common factor of 1103373 and 3.
3
Calculate the greatest common factor of 58 and 27781246.
58
Calculate the greatest common divisor of 10849474 and 4.
2
Calculate the highest common divisor of 2570 and 69480.
10
Calculate the highest common divisor of 6449918 and 582.
194
What is the highest common factor of 39499241 and 989?
43
Calculate the greatest common factor of 2622 and 3989028.
138
Calculate the highest common divisor of 286719230 and 56.
14
What is the highest common divisor of 1278 and 94903428?
426
What is the greatest common divisor of 111882 and 78648?
174
Calculate the highest common factor of 1775 and 132425.
25
What is the greatest common divisor of 15267 and 9954?
21
What is the highest common divisor of 10899 and 797517?
63
Calculate the greatest common divisor of 54 and 47125440.
18
What is the greatest common factor of 1004942 and 1670008?
2098
Calculate the greatest common factor of 41944 and 141386.
14
Calculate the greatest common divisor of 990492 and 240012.
708
Calculate the highest common factor of 30 and 2078846115.
15
Calculate the highest common divisor of 186327 and 5561.
67
Calculate the highest common factor of 245467350 and 18.
18
Calculate the highest common factor of 243 and 817455402.
243
What is the highest common divisor of 39 and 693264?
39
What is the greatest common divisor of 406512569 and 167?
167
Calculate the highest common divisor of 102817 and 47333.
143
What is the highest common divisor of 7095636 and 1692?
36
Calculate the highest common divisor of 164008 and 7989995.
1079
Calculate the greatest common factor of 12182076 and 648.
324
Calculate the highest common factor of 35 and 46037187.
7
Calculate the highest common divisor of 174174 and 3974421.
957
What is the highest common factor of 34692898 and 836?
38
Calculate the greatest common divisor of 119227025 and 50.
25
What is the highest common divisor of 477 and 3633782184?
477
Calculate the greatest common divisor of 57124193 and 2583.
287
Calculate the greatest common divisor of 33 and 523336.
11
What is the highest common factor of 488504139 and 683?
683
Calculate the highest common factor of 11289761 and 35.
7
Calculate the highest common divisor of 1732317 and 51.
51
What is the highest common factor of 12603 and 1965?
3
Calculate the highest common divisor of 4677741 and 27.
9
Calculate the highest common divisor of 583630 and 2560.
10
Calculate the highest common divisor of 20 and 272105390.
10
Calculate the greatest common divisor of 1940 and 230534080.
1940
What is the greatest common factor of 4319 and 28134583?
617
What is the highest common divisor of 3604447 and 77?
77
What is the greatest common factor of 9928160 and 11360?
160
Calculate the greatest common factor of 42026918 and 10.
2
Calculate the highest common divisor of 15728 and 2232566008.
7864
What is the highest common factor of 606050 and 124200?
1150
Calculate the highest common divisor of 838537 and 370363.
1099
Calculate the greatest common factor of 19 and 2793666501.
19
What is the highest common factor of 4256812 and 308?
28
Calculate the highest common factor of 17855906 and 3882.
1294
What is the greatest common divisor of 667 and 7263124?
23
Calculate the greatest common factor of 1275 and 201829950.
1275
Calculate the greatest common divisor of 16017 and 15648328.
281
What is the greatest common factor of 34937 and 10409?
7
Calculate the greatest common divisor of 21 and 3597839.
7
What is the greatest common divisor of 342882253 and 9